7 composite?
True
Is 68371 prime?
True
Is 8735 a prime number?
False
Is 7993 a composite number?
False
Is 433033 composite?
False
Is 174851 a prime number?
True
Is 1901 a composite number?
False
Is 2734 a composite number?
True
Is 11677 prime?
True
Is 11657 a composite number?
False
Is 14117 a prime number?
False
Is 479 a composite number?
False
Is 4783 a prime number?
True
Is 5669 a composite number?
False
Is 248971 a prime number?
True
Is 61871 a prime number?
True
Is 122806 prime?
False
Is 72997 a prime number?
True
Is 55763 a prime number?
True
Is 12583 a composite number?
False
Is 2311655 a composite number?
True
Is 717 a composite number?
True
Is 145091 a composite number?
False
Is 4593 prime?
False
Is 18563 composite?
True
Is 30019 composite?
True
Is 2440549 a composite number?
True
Is 24943 composite?
False
Is 9977 a composite number?
True
Is 28319 composite?
False
Is 1442893 a prime number?
False
Is 30214 a prime number?
False
Is 187819 composite?
True
Is 3989 composite?
False
Is 90049 a composite number?
True
Is 23437 a prime number?
False
Is 3181 a prime number?
True
Is 37106 a prime number?
False
Is 45685 a composite number?
True
Is 103361 composite?
True
Is 146551 a prime number?
False
Is 403159 composite?
False
Is 414074 a prime number?
False
Is 159529 composite?
True
Is 1053233 prime?
True
Is 100849 a composite number?
True
Is 33079 prime?
False
Is 49007 a prime number?
False
Is 1659095 a prime number?
False
Is 78289 a prime number?
False
Is 541 composite?
False
Is 127599 a composite number?
True
Is 469 prime?
False
Is 33131 composite?
True
Is 2466829 a prime number?
True
Is 3787 prime?
False
Is 159977 a prime number?
True
Is 2118687 a composite number?
True
Is 41989 composite?
True
Is 3365 a composite number?
True
Is 2910313 prime?
False
Is 8941 a prime number?
True
Is 229129 composite?
True
Is 2071 composite?
True
Is 327281 a composite number?
True
Is 761227 prime?
True
Is 49949 prime?
False
Is 2219365 a composite number?
True
Is 7419 composite?
True
Is 114547 composite?
False
Is 13637 a composite number?
True
Is 10781 composite?
False
Is 515041 a composite number?
False
Is 26669 a composite number?
False
Is 297493 composite?
True
Is 306013 a prime number?
False
Is 88237 a composite number?
False
Is 19059 a prime number?
False
Is 118343 prime?
True
Is 11027 composite?
False
Is 15761 a composite number?
False
Is 1165501 composite?
True
Is 82457 a composite number?
False
Is 290327 prime?
True
Is 96247 a prime number?
False
Is 1776363 composite?
True
Is 26083 a prime number?
True
Is 166951 a composite number?
True
Is 12941 a composite number?
False
Is 8513 prime?
True
Is 8641 a prime number?
True
Is 367621 a composite number?
False
Is 83693 composite?
True
Is 132581 composite?
True
Is 21559 a prime number?
True
Is 26998 prime?
False
Is 366181 a composite number?
False
Is 5261 prime?
True
Is 1151 prime?
True
Is 5779 a composite number?
False
Is 227027 a composite number?
False
Is 9853 a composite number?
True
Is 269167 composite?
False
Is 49097 a composite number?
True
Is 8499 prime?
False
Is 1931 a composite number?
False
Is 1259 a prime number?
True
Is 10079 a prime number?
True
Is 5981 composite?
False
Is 497107 prime?
False
Is 34229 a composite number?
True
Is 700267 prime?
False
Is 1142389 composite?
False
Is 11569 prime?
False
Is 225931 composite?
False
Is 1685521 a prime number?
True
Is 3775697 a composite number?
False
Is 142581 a composite number?
True
Is 1687451 composite?
False
Is 9661 a composite number?
False
Is 55147 composite?
False
Is 233477 composite?
False
Is 1094159 a prime number?
False
Is 1037 a composite number?
True
Is 30759 composite?
True
Is 138001 a prime number?
False
Is 112873 composite?
True
Is 23957 a prime number?
True
Is 12097 composite?
False
Is 805559 composite?
False
Is 3109 a composite number?
False
Is 19487 a prime number?
False
Is 2153 a prime number?
True
Is 7969 a composite number?
True
Is 37295 prime?
False
Is 1115 prime?
False
Is 214039 composite?
True
Is 47609 composite?
False
Is 187849 a composite number?
True
Is 7078 composite?
True
Is 1391353 a composite number?
False
Is 1313 composite?
True
Is 10762 composite?
True
Is 1730163 a prime number?
False
Is 677 prime?
True
Is 1481 prime?
True
Is 207149 prime?
False
Is 471031 composite?
True
Is 160343 a composite number?
False
Is 251513 prime?
True
Is 3862 composite?
True
Is 218249 a composite number?
False
Is 1735 composite?
True
Is 906107 composite?
False
Is 29551 composite?
True
Is 341771 a prime number?
True
Is 8149 prime?
False
Is 19001 composite?
False
Is 85397 prime?
False
Is 1747895 prime?
False
Is 3649 composite?
True
Is 61283 a prime number?
True
Is 70439 a composite number?
False
Is 382883 prime?
True
Is 532843 composite?
True
Is 66503 a prime number?
False
Is 62547 a prime number?
False
Is 642581 a prime number?
True
Is 81763 a prime number?
False
Is 3954101 a composite number?
False
Is 5671 a composite number?
True
Is 2950001 a composite number?
False
Is 17693 composite?
True
Is 201731 a composite number?
False
Is 1891237 composite?
True
Is 2374 a composite number?
True
Is 6217 a prime number?
True
Is 1143719 prime?
True
Is 645103 composite?
True
Is 8795 a prime number?
False
Is 192957 a composite number?
True
Is 6169 a composite number?
True
Is 45919 composite?
True
Is 4547 prime?
True
Is 3679 a composite number?
True
Is 543281 a prime number?
True
Is 5381 a prime number?
True
Is 775309 a composite number?
False
Is 3793 prime?
True
Is 693317 a composite number?
False
Is 28009 prime?
False
Is 133421 prime?
False
Is 12055 a prime number?
False
Is 6559 prime?
False
Is 957917 a prime number?
True
Is 215751 composite?
True
Is 47041 a composite number?
False
Is 55291 prime?
True
Is 437 a prime number?
False
Is 3646463 a prime number?
True
Is 3779 a composite number?
False
Is 1000321 a composite number?
True
Is 19153 composite?
True
Is 105439 composite?
True
Is 17257 a composite number?
False
Is 469 a prime number?
False
Is 877 a composite number?
False
Is 153971 a composite number?
True
Is 38371 prime?
True
Is 69807 composite?
True
Is 1315 prime?
False
Is 14699 a prime number?
True
Is 142193 prime?
True
Is 11771 composite?
True
Is 117157 a composite number?
True
Is 7979 a prime number?
False
Is 40349 a composite number?
True
Is 383909 prime?
True
Is 12373 a prime number?
True
Is 1563 a prime number?
False
Is 6127 a composite number?
True
Is 49501 a composite number?
True
Is 6521 a composite number?
False
Is 1365629 a prime number?
False
Is 3299 composite?
False
Is 152741 composite?
True
Is 36313 a composite number?
False
Is 307511 a prime number?
True
Is 31909 prime?
False
Is 1635394 composite?
True
Is 3190073 prime?
False
Is 6817 a composite number?
True
Is 176627 a composite number?
True
Is 1517 a composite number?
True
Is 45473 a prime number?
False
Is 19619 a prime number?
False
Is 28349 prime?
True
Is 1535 a prime number?
False
Is 209717 a prime number?
True
Is 32267 a prime number?
False
Is 4871 a composite number?
False
Is 8849 a composite number?
False
Is 5837 a prime number?
False
Is 1159 composite?
True
Is 99727 a prime number?
False
Is 39971 prime?
True
Is 96001 prime?
True
Is 4861 a composite number?
False
Is 563 prime?
True
Is 3845 a prime number?
False
Is 316567 a prime number?
True
Is 816241 composite?
True
Is 191999 prime?
True
Is 56939 composite?
True
Is 20021 a composite number?
False
Is 91281 prime?
False
Is 50109 a composite number?
True
Is 36973 a composite number?
False
Is 50261 a prime number?
True
Is 45062 a prime number?
False
Is 32903 prime?
False
Is 22019 prime?
False
Is 59783 a prime number?
False
Is 7753 prime?
True
Is 1369 a composite number?
True
Is 37159 composite?
False
Is 4105 a composite number?
True
Is 199 a prime number?
True
Is 73999 a composite number?
False
Is 95383 composite?
False
Is 17167 composite?
False
Is 4747 composite?
True
Is 1207 a composite number?
True
Is 67 composite?
False
Is 107441 composite?
False
Is 674 prime?
False
Is 5053 a prime number?
False
Is 38639 prime?
True
Is 27601 prime?
False
Is 27905 a composite number?
True
Is 138823 a composite number?
True
Is 42769 a prime number?
False
Is 703129 composite?
True
Is 30367 a composite number?
False
Is 10973 prime?
True
Is 5799